rmine k(a).
-13
Let u(w) = w**2. Let c(x) = -2*x - x + x. Let f be 4/10 + 48/(-20). Let o be c(f). Calculate u(o).
16
Let h(i) = -4*i + 2*i + 46 - 47 + i. Let o(k) = -2*k**2 - k + 6. Let x be o(0). Determine h(x).
-7
Let j(o) = -o**3 - 16*o**2 + 18*o + 13. Let l = -572 - -524. Let g(y) = y**3 + 49*y**2 + 50*y + 79. Let v be g(l). Calculate j(v).
-4
Let r(b) = -b**3 + 7*b**2 + 3*b + 17. Let x(u) = -u**3 - 2*u**2 + 36*u + 12. Let m be x(-7). Determine r(m).
82
Let m be (4/10)/((-7)/70). Let f be 3*(-6)/72 - 17/m. Let u be 12/(-14)*(-2)/(f/7). Let i(p) = -p**3 + 3*p**2 - 2*p + 1. Give i(u).
-5
Let s(t) = -126*t + 1455. Let q(b) = 63*b - 788. Let p(y) = 11*q(y) + 6*s(y). What is p(1)?
-1
Let v(t) = -40 + 32*t**2 - 15*t - 5 + 37*t**2 + 25*t**2 - 96*t**2. Calculate v(-5).
-20
Let b(m) = -2*m - 116. Suppose 7*d = 3*h + 11*d + 119, 5*h + 5*d = -205. What is b(h)?
-26
Let p(m) = 2*m**3 - 15*m**2 + 55*m + 15. Let z(c) = c**3 + 4*c - 1. Let w(h) = -p(h) + z(h). Calculate w(9).
11
Suppose 3 + 10 - 4 = v. Let a(o) = -o**3 + 9*o**2 + 2*o + 7. Determine a(v).
25
Let u(p) = -3*p + 2. Suppose -2*q + 0*c + 14 = -5*c, -c + 6 = 4*q. Suppose 15*d + q*v = 19*d + 8, 4*d - 5*v = 4. Give u(d).
14
Let y(i) be the first derivative of i**3/3 + 4*i**2 + 14*i - 8. Let n(h) = -h**3 - 6*h**2 - 49*h - 231. Let x be n(-5). Calculate y(x).
47
Let s(v) = -v - 6. Suppose 0*t - 4 = -2*y - t, -10 = -5*y - 4*t. Let l be (-888)/144 - y/(-12). Let m be (l - -4) + -2 + 0. Determine s(m).
-2
Let q be ((-9)/(-6))/(((-21)/(-10))/7). Suppose -26 = -q*f - 6. Let y(g) = -2*g - 3. Determine y(f).
-11
Let o be (-1450)/300 - 40/(-48). Let g(m) = -m**3 - 6*m**2 - 6*m - 13. Give g(o).
-21
Let j(c) be the second derivative of 5/12*c**4 + 292*c + 0*c**2 - 5/3*c**3 + 0 + 1/20*c**5. Suppose -h - w - w = 11, -3*w = -5*h - 29. Calculate j(h).
-28
Let c(a) = -a**3. Let p(q) = -3*q**3 + 17*q**2 - 15*q - 16. Let x(n) = -2*c(n) + p(n). Let v be (-1044)/(-36) + 2 + -15. What is x(v)?
0
Let a be ((-9)/(-36))/(18963/4740 + -4). Let z = -398 + a. Let v(u) be the second derivative of 5*u**3/6 - u**2 - 2*u. What is v(z)?
-17
Suppose 7115*o + 4 = 7119*o. Let q(n) = -26*n**2 + 3*n - 2. Determine q(o).
-25
Let i(u) = 0*u - 1 + 3*u - u**2 - u. Let b = 6897 + -6895. Determine i(b).
-1
Let y(x) = -2*x**2 - 18*x + 11. Let t(d) be the third derivative of d**5/60 + 2*d**4/3 - 11*d**3/6 - d**2 - 4. Let s(k) = 3*t(k) + 2*y(k). Determine s(9).
16
Let t(f) = f**2 - 7*f. Let z(y) = -y**2 + 7*y + 1. Let j(b) = 3*t(b) + 4*z(b). Suppose -o + 808 - 814 = 0. Let a(u) = u + 13. Let k be a(o). Give j(k).
4
Let r be 1/((-3336)/(-476) + -7). Let o(a) = -58*a**2 + 6*a - 62*a**2 + r*a**2 - 3. What is o(4)?
5
Suppose 3*k - t + 4*t = 18, -4*k + 2*t = 6. Let s be k*(-2)/6*(4 + -1). Let p(d) = -11*d**2 + 1. Give p(s).
-10
Let k(r) be the second derivative of -2*r**2 - 2*r - 1/20*r**5 + 0*r**3 + 0 + 1/3*r**4. Let u(a) = -a**3 - 2*a**2 + 2*a + 1. Let j be u(-3). Calculate k(j).
-4
Let b(g) = -g**3 + 8*g**2 - 3*g + 11. Suppose 4*y + 513 = 33. Let k be ((-18)/(-15))/((-258)/y + -2). Give b(k).
-13
Suppose 3*i = -4*t + 5*i + 6, -3*t + 6 = -i. Let w(f) = -211 + 5*f + 209 + 0*f - 2*f**2. What is w(t)?
-5
Let d(z) = -11544 + 0*z - z**2 - 16*z + 11490. What is d(-12)?
-6
Let r be 6/(420/4774) + (-8)/(-10). Let l = r - 74. Let w(c) = c**2 + 4*c - 2. Determine w(l).
3
Suppose 5*x = -13 + 28. Let o(a) be the third derivative of -1/2*a**3 + 1/12*a**4 - 10*a**2 + 0 + 0*a - 1/60*a**5. Calculate o(x).
-6
Let j(v) = -v**3 + 22*v**2 + 3*v + 8. Let z(y) = -3*y**3 - 22*y**2 - 47*y - 6. Let h be z(-4). Determine j(h).
74
Let r(o) be the first derivative of 51 + 1/3*o**3 + 33*o + 7/2*o**2. Let t(p) be the first derivative of r(p). Calculate t(-9).
-11
Let m(w) be the first derivative of -7*w**2 + 28*w + 1339. Give m(3).
-14
Let x(h) = -3*h**3 - 12*h**2 - 2*h - 13. Let d(g) = 2*g + 5*g**2 + 57 + 6*g**2 - 45 + 2*g**3. Let s(w) = -4*d(w) - 3*x(w). Determine s(8).
-25
Let s(w) = -w**3 + 8*w**2 + 3*w - 12. Let z = -458 + 492. Suppose 98 = 8*f + z. Give s(f).
12
Suppose 0 = 4*y - 26 + 6. Let k(u) be the first derivative of u**3/3 - 2*u**2 - 2*u + 1204. Determine k(y).
3
Let u(g) = g**3 - 9*g**2 - 9*g - 9. Let x(q) be the third derivative of q**4/24 + 16*q**3/3 + 2*q**2. Let j = -622 - -600. Let k be x(j). What is u(k)?
1
Let r be 11*-1*(-6 - (-660)/121). Let g(u) = -3*u**2 + 16*u - 2. Determine g(r).
-14
Let p be 2/(-2)*(-8 + 1). Let f = 1154 + -960. Let i(n) = -f*n**2 + 8*n + 381*n**2 + 1 - 188*n**2. Determine i(p).
8
Let i(d) = 205 + d - 2*d + 3*d - 72 - 12*d. Determine i(14).
-7
Let f(k) = k**3 + 8*k**2 - k - 10. Suppose -17*n + 8*n + 1593 = 0. Let x = 169 - n. Calculate f(x).
-2
Let h(u) = 56*u**2 - 7*u - 57*u**2 + 16*u + 8. Let l be h(10). Let g(o) = -13*o - 1. Let n(y) = 13*y + 1. Let x(b) = l*g(b) - 3*n(b). What is x(-1)?
12
Suppose c = 4*m - 15, -1 = -c - 15*m + 11*m. Let g(h) = -h**3 - 7*h**2 + h + 11. What is g(c)?
4
Let m(f) be the first derivative of f**3/3 + f**2/2 - 6*f - 3. Suppose 0 = 5*v - 3 - 7. Suppose v*o + 6 = 6. Calculate m(o).
-6
Let t be (-2)/((-144)/152) - 90/81. Suppose 3*m = y - 2, -3*y - 4*m = 2*y - 48. Let x(c) = t + y - 7 + c**2. Calculate x(-2).
6
Let q(d) be the first derivative of d**7/840 - d**6/120 + d**5/60 - d**4/6 + 41*d**3/3 - 31. Let k(v) be the third derivative of q(v). Give k(3).
2
Let s(h) be the first derivative of 0*h + 1/24*h**4 + 7*h**2 + 1/60*h**5 - 1/120*h**6 + 24 + h**3. Let q(u) be the second derivative of s(u). What is q(0)?
6
Let x(d) = -2*d**2 + 21*d - 48. Let b = 3940 + -3937. Give x(b).
-3
Let h(v) = 14*v - 336. Let i be h(24). Let l(m) = -7*m - 27. What is l(i)?
-27
Let f(g) be the third derivative of 7*g**6/60 - g**4/24 + 2*g**2 + 1793. Determine f(1).
13
Let k(d) = -19*d - 3 + 9*d - d**2 + 11*d + 3*d. Suppose 3*g - 2*g + 4*c = 11, -5*c + 10 = 0. Suppose -g*w = -8*w + 15. What is k(w)?
0
Let o = 16 + -9. Let v(d) = 3*d**3 + 3*d**2 - 3*d. Let q(n) = 5*n**3 + 5*n**2 - 5*n + 1. Let c(f) = o*v(f) - 4*q(f). Suppose -12*i - 19*i = 0. Determine c(i).
-4
Suppose -173 - 9 = 26*c. Let m(f) be the first derivative of f**5/20 + f**4/2 - 3*f**3/2 - 5*f**2 + f - 1. Let p(k) be the first derivative of m(k). Give p(c).
4
Let x(y) be the second derivative of y**5/30 - y**4/6 + 25*y**2 - 73*y. Let v(f) be the first derivative of x(f). What is v(3)?
6
Let t(m) = m**2 - 11*m - 12. Let i be t(12). Let f(l) = 0*l**3 + l**3 - 2977*l - 6 + 1489*l + 1487*l. Give f(i).
-6
Let x(c) = -19*c**2 - 9*c + 125. Let l(s) = 7*s**2 + 3*s - 47. Let g(w) = -8*l(w) - 3*x(w). Determine g(-8).
41
Let x(f) = f + 7. Let l = 1 - 1. Suppose 37 = 35*s - 33. Suppose l = 2*t + 4*g + 8, 2*g = g + s. Calculate x(t).
-1
Let m = -3 - -9. Let r be (m + -4)/(6 + -4). Let u(v) = -44*v. Determine u(r).
-44
Suppose 269 = 4*a + 309. Let w be 1*(-3 - (-52)/4). Let o(g) = -w*g**2 + 20*g**2 + 2*g + 10 - g + g**3. Calculate o(a).
0
Suppose -168 = 2*x + 166. Let m = x + 164. Let r(p) = 3*p + 1. Calculate r(m).
-8
Suppose 0 = -3*z - 0*z + 177. Let n = -56 + z. Let p be ((-1)/(-2))/(n/((-180)/(-5))). Let w(o) = o**3 - 6*o**2 + o + 3. Calculate w(p).
9
Let f = 2 + 8. Let c(t) = -t + 2. Let g(j) = j**2 - 5*j - 213. Let z(n) = c(n) + g(n). Let p(u) be the first derivative of z(u). What is p(f)?
14
Let n(t) be the second derivative of t**2 + 0 + 1/6*t**3 + 1/5*t**5 - 1/3*t**4 + 6*t. What is n(2)?
20
Let b(q) = 20*q**2 - 34*q + 130. Let g(u) = -7*u**2 + 11*u - 43. Let w(s) = -6*b(s) - 17*g(s). Let n be w(14). Let p(l) = -l**2 - 11*l - 10. What is p(n)?
18
Suppose -89 = 2*g - 35. Let x = g - -33. Let j(i) = -3 + 4*i**3 + 3*i**3 + 5*i**2 + 7 - x*i**3 + 3*i. Give j(-3).
13
Let a(q) be the first derivative of q**3/3 + 5*q**2/2 - 2*q - 2. Let x = 299 + -155. Let s = 139 - x. Calculate a(s).
-2
Let j(w) = w**2 - 6*w + 4. Let x be (1 - -4)/(0 + (-15)/(-6)). Suppose -1 = -x*b + 5, p + 10 = 2*b. Let c be 0/2 + 8 + p. Give j(c).
-4
Let m be (-1*(-3)/6)/((-13)/182). Let h(i) = i**2 + 10*i + 10. What is h(m)?
-11
Let r(c) = -76459*c + 152924*c + 17 - 76458*c. Give r(0).
17
Let z(c) = 8*c**3 - 2*c**2 + c. Let n be z(1). Let v(t) = -9*t + 8. Let b(x) = -22*x + 19. Let h(w) = 7*b(w) - 17*v(w). Determine h(n).
-10
Suppose 3*m = 7*m - 5*a + 18, m = 3*a - 8. Let h be 3280/368 - m/23. Let t(u)